{"id":54,"date":"2013-02-15T10:43:28","date_gmt":"2013-02-15T09:43:28","guid":{"rendered":"http:\/\/pogubbio.dotstage.net\/?page_id=54"},"modified":"2021-03-10T22:31:10","modified_gmt":"2021-03-10T21:31:10","slug":"pg-cpo-2012","status":"publish","type":"page","link":"https:\/\/www.pariopportunitagubbio.it\/index.php\/programma\/pg-cpo-2012\/","title":{"rendered":"Programma attivit\u00e0  2016"},"content":{"rendered":"<p class=\"western\" align=\"CENTER\"><span style=\"font-family: Arial, serif;\">La Commissione Pari Opportunit\u00e0 presenta per l\u2019anno 2016 la seguente attivit\u00e0:<\/span><\/p>\n<p class=\"western\" align=\"CENTER\"><span style=\"font-family: Arial, serif;\"><strong>PROGETTI <\/strong><\/span><\/p>\n<ol>\n<li>\n<p class=\"western\" align=\"JUSTIFY\"><span style=\"font-family: Arial, serif;\"><em><strong>Stereotipi di genere<\/strong><\/em><\/span><\/p>\n<\/li>\n<\/ol>\n<p class=\"western\" align=\"JUSTIFY\"><span style=\"font-family: Arial, serif;\">La Commissione Pari Opportunit\u00e0, in accordo con l&#8217;Assessorato alle Politiche Sociali e Pari Opportunit\u00e0 del Comune di Gubbio, si \u00e8 fatta, nel corso del 2015, promotrice di un progetto rivolto agli Istituti di scuola secondaria di secondo grado della citt\u00e0, in collaborazione con la prof.ssa Maria Giuseppina Pacilli, docente di Psicologia Sociale e di Comunit\u00e0 dell&#8217;Universit\u00e0 di Perugia. Il progetto denominato \u201cStereotipi di genere\u201d \u00e8 stato positivamete accolto dall&#8217;IIS Cassata-Gattapone ed ha visto la sua presentazione il 25 novembre 2015, in occasione della Giornata Internazione contro la violenza alle donne. L&#8217;obiettivo \u00e8 contrastare gli stereotipi di genere attraverso un percorso di formazione.<\/span><\/p>\n<p class=\"western\" align=\"JUSTIFY\"><span style=\"font-family: Arial, sans-serif;\">Il lavoro sar\u00e0 finalizzato, infatti, ad una sensibilizzazione sul tema degli stereotipi di genere prendendo spunto dal modo in cui sono veicolati dai media. Gli incontri verteranno su una riflessione condivisa relativa alla costruzione sociale del maschile e del femminile e al modo in cui gli stereotipi di genere possono incidere negativamente sulle relazioni fra uomini e donne. Con strategie interattive di lavoro che vedranno gli studenti protagonisti, saranno mostrati video di film e pubblicit\u00e0 su cui discutere. Si inviteranno anche gli studenti a realizzare un loro personale prodotto supervisionato dalle docenti nelle fasi di elaborazione. Questo lavoro sar\u00e0 poi mostrato in una seduta plenaria agli altri colleghi studenti.<\/span><\/p>\n<p class=\"western\" align=\"JUSTIFY\"><span style=\"font-family: Arial, serif;\">Sar\u00e0 realizzata al contempo una ricerca per verificare l\u2019efficacia dell\u2019intervento con un disegno pre-post in cui si misurer\u00e0 il tipo di impatto dell\u2019intervento sugli atteggiamenti degli studenti misurandoli all\u2019inizio dell\u2019incontro e alla fine. Sar\u00e0 individuato anche un gruppo di controllo costituito dagli studenti che non hanno partecipato all\u2019intervento.<\/span><\/p>\n<p class=\"western\" align=\"JUSTIFY\"><span style=\"font-family: Arial, serif;\">Il progetto sar\u00e0 realizzato da aprile a giugno 2016 e sar\u00e0 riproposto per l&#8217;anno didattico 2016-2017 in tutte le altre scuole di ogni ordine e grado.<\/span><\/p>\n<ol start=\"2\">\n<li>\n<p class=\"western\" align=\"JUSTIFY\"><span style=\"font-family: Arial, serif;\"><strong>Azione di supporto al punto di ascolto contro la violenza alle donne e promozione dell\u2019attivit\u00e0 per favorirne l\u2019utilizzo<\/strong><\/span><\/p>\n<\/li>\n<\/ol>\n<p class=\"western\" align=\"JUSTIFY\"><span style=\"font-family: Arial, serif;\">Il 22 novembre 2013 \u00e8 stato inaugurato il Punto di ascolto presso la sede del Servizio Programmazione e Servizi Sociali del Comune di Gubbio, per svolgere attivit\u00e0 di accoglienza, garantire la dimensione dell\u2019ascolto, analizzare i bisogni e definire le strategie di accompagnamento ed uscita dalla violenza in collaborazione con il Telefono donna del Centro Regionale per le Pari Opportunit\u00e0. Il Punto di ascolto si rivolge a tutte le donne vittime di violenza e maltrattamento residenti o domiciliate nella Zona sociale 7 (Gubbio, Gualdo Tadino, Scheggia e Pascelupo, Costacciaro, Sigillo, Fossato di Vico). La CPO ha collaborato nel 2014 per due giorni alla settimana (il marted\u00ec mattina e il gioved\u00ec pomeriggio) all\u2019apertura del Punto di Ascolto mettendo a disposizione (a turno) le componenti che avevano acquisito, con apposito corso di formazione, le necessarie competenze a svolgere l\u2019attivit\u00e0 di accoglienza. <\/span><\/p>\n<p align=\"JUSTIFY\"><span style=\"font-family: Arial, serif;\">Nell\u2019anno 2014 si \u00e8 concluso il progetto regionale \u201c<strong>UNA<\/strong> &#8211; <strong>U<\/strong>mbria <strong>N<\/strong>etwork <strong>A<\/strong>ntiviolenza\u201d che intende consolidare e sistematizzare la rete regionale fra i vari attori pubblici e privati, gi\u00e0 parzialmente attiva sul territorio regionale, per la creazione di nuovi servizi territoriali integrati per il contrasto della violenza di genere. Nel 2015 sono cos\u00ec stati aperti due Centri antiviolenza con sedi a Perugia a Terni per completare l\u2019offerta dei servizi contro la violenza alle donne. Il Comune di Gubbio e la Azienda USL Umbria 1 hanno aderito al Progetto UNA e hanno aperto il Punto di ascolto in qualit\u00e0 di firmatari dell\u2019ATS (Associazione Temporanea di Scopo) avendo gi\u00e0 siglato il 25 novembre 2011 un accordo di programma contro la violenza ai minori e alle donne con gli altri Comuni della Zona Sociale 7 e il Centro Regionale per le Pari Opportunit\u00e0. <\/span><\/p>\n<p class=\"western\" align=\"JUSTIFY\"><span style=\"font-family: Arial, serif;\">Per l&#8217;anno 2016 l\u2019attivit\u00e0 della CPO sar\u00e0 prioritariamente finalizzata a collaborare con i soggetti firmatari dell\u2019A.T.S. per:<\/span><\/p>\n<ol>\n<li>\n<p class=\"western\" align=\"JUSTIFY\"><span style=\"font-family: Arial, serif;\">pubblicizzare l\u2019apertura del punto di ascolto insieme a tutti i soggetti coinvolti nelle rete antiviolenza dai MMG, ai Servizi territoriali e ospedalieri, alle Forze dell\u2019Ordine ecc.;<\/span><\/p>\n<\/li>\n<li>\n<p class=\"western\" align=\"JUSTIFY\"><span style=\"font-family: Arial, serif;\">realizzare iniziative da concertare con gli Istituti scolastici, finalizzate ad educare alla costruzione di una cultura della non violenza e all\u2018analisi e al superamento degli stereotipi di genere.<\/span><\/p>\n<\/li>\n<\/ol>\n<ol start=\"3\">\n<li>\n<p class=\"western\" align=\"JUSTIFY\"><span style=\"font-family: Arial, serif;\"><strong>Celebrazione dell\u20198 marzo<\/strong><\/span><\/p>\n<\/li>\n<\/ol>\n<p class=\"western\" align=\"JUSTIFY\"><span style=\"font-family: Arial, serif;\">In occasione dell\u20198 marzo, Giornata Internazionale della donna, la CPO intende organizzare, come negli anni precedenti, alcune iniziative rivolte sia alla cittadinanza che alle scuole.<\/span><\/p>\n<p class=\"western\" align=\"JUSTIFY\"><span style=\"font-family: Arial, serif;\">Nella prima met\u00e0 del mese di marzo sar\u00e0 organizzato un incontro informativo, in collaborazione con altre realt\u00e0, pubbliche, il Consultorio Territoriale ad esempio, e private del territorio, sul tema della prevenzione del carcinoma alla mammella.<\/span><\/p>\n<p class=\"western\" align=\"JUSTIFY\"><span style=\"font-family: Arial, serif;\">La Commissione, inoltre, prosegue nel proporre momenti di approfondimento culturali quali film, spettacoli, eventi musicali. In particolare quest&#8217;anno verr\u00e0 proiettato il film \u201c<em>Assolo<\/em>\u201d di Laura Morante.<\/span><\/p>\n<ol start=\"4\">\n<li>\n<p class=\"western\" align=\"JUSTIFY\"><span style=\"font-family: Arial, serif;\"><strong>Impegno per la lotta contro la violenza alle donne<\/strong><\/span><\/p>\n<\/li>\n<\/ol>\n<p class=\"western\" align=\"JUSTIFY\"><span style=\"font-family: Arial, serif;\">Per celebrare il 25 novembre, la Giornata Internazionale contro la violenza sulle donne secondo la risoluzione ONU del 17\/12\/1999 n. 54\/134, la Commissione intende realizzare iniziative che coinvolgano soprattutto i giovani del nostro territorio, attraverso esperienze che li rendano sempre pi\u00f9 consapevoli della necessit\u00e0 di impegnarsi per combattere ogni forma di violenza. In tale contesto si ritiene opportuno continuare anche per l\u2019anno 2016 la collaborazione con le associazioni, le scuole, la USL1 Umbria e la citt\u00e0, realizzando proiezione di film, incontri e spettacoli teatrali.<\/span><\/p>\n<ol start=\"5\">\n<li>\n<p class=\"western\" align=\"JUSTIFY\"><span style=\"font-family: Arial, serif;\"><strong>Collaborazione con i servizi dell\u2019USL 1 Umbria<\/strong><\/span><\/p>\n<\/li>\n<\/ol>\n<p class=\"western\" align=\"JUSTIFY\"><span style=\"font-family: Arial, serif;\">La CPO intende infine proseguire anche nell\u2019anno 2016 la collaborazione con la USL 1Umbria <\/span><\/p>\n<p class=\"western\" align=\"JUSTIFY\"><span style=\"font-family: Arial, serif;\">1 per continuare a monitorare il funzionamento della Senologia e degli altri servizi ospedalieri e territoriali rivolti alle donne;<\/span><\/p>\n<p class=\"western\" align=\"JUSTIFY\"><span style=\"font-family: Arial, serif;\">2 per promuovere i servizi territoriali di prevenzione e cura della salute della donna, in collaborazione, in particolare, con il Servizio Consultoriale.<\/span><\/p>\n<p class=\"western\" align=\"JUSTIFY\"><span style=\"font-family: Arial, serif;\">A tal proposito, la Cpo ha promosso degli incontri con la direttrice dott.ssa Annarita Comodi del Distretto Alto Chiascio-USL1, in cui ha chiesto un ruolo sempre pi\u00f9 attivo per il Servizio Consultoriale Territoriale, perch\u00e8 questo possa essere in misura crescente punto di riferimento per la donna, per la sua salute, attraverso l&#8217;implementazione delle sue competenze, a favore di un luogo ove possa avvenire un vero e proprio counseling non sono cinecologico. L&#8217;incidenza del cancro alla mammella \u00e8 troppo alta perch\u00e8 non si sfruttino le potenzialit\u00e0 del Consultorio, che potr\u00e0 cos\u00ec divenire anche luogo di prima consulenza rispetto all&#8217;attenzione e alla cura della mammella.<\/span><\/p>\n<ol start=\"6\">\n<li>\n<p class=\"western\" align=\"JUSTIFY\"><span style=\"font-family: Arial, serif;\"><strong>Proseguimento della collaborazione con la Biblioteca Sperelliana, il Teatro Comunale di Gubbio, l\u2019Assessorato alla Cultura e Pari Opportunit\u00e0 comunale, altri Assessorati comunali, provinciali, regionali ed organismi istituzionali.<\/strong><\/span><\/p>\n<\/li>\n<\/ol>\n<p class=\"western\" align=\"JUSTIFY\"><span style=\"font-family: Arial, serif;\">Tale collaborazione, gi\u00e0 proficua negli anni passati, avr\u00e0 sempre come obiettivo principale l&#8217;attenzione ad iniziative che mettano in evidenza la presenza femminile nei luoghi decisionali attraverso la testimonianza di donne autorevoli che possano essere d\u2019esempio di un impegno profuso per il bene comune e la crescita della societ\u00e0 in genere, attraverso proprio la forza e la peculiarit\u00e0 della differenza di genere.<\/span><\/p>\n<p class=\"western\" style=\"text-align: right;\" align=\"JUSTIFY\">&nbsp;<\/p>\n<p class=\"western\" style=\"text-align: right;\" align=\"JUSTIFY\">LA COMMISSIONE PARI OPPORTUNITA\u2019<\/p>\n<p class=\"western\" style=\"text-align: right;\" align=\"JUSTIFY\"><span style=\"font-family: Arial, serif;\">La Presidente<\/span><\/p>\n<p class=\"western\" align=\"RIGHT\"><span style=\"font-family: Arial, serif;\"> Rita Pagnozzi<\/span><\/p>\n","protected":false},"excerpt":{"rendered":"<p>La Commissione Pari Opportunit\u00e0 presenta per l\u2019anno 2016 la seguente attivit\u00e0: PROGETTI Stereotipi di genere La Commissione Pari Opportunit\u00e0, in accordo con l&#8217;Assessorato alle Politiche Sociali e Pari Opportunit\u00e0 del Comune di Gubbio, si \u00e8 fatta, nel corso del 2015, promotrice di un progetto rivolto agli Istituti di scuola secondaria di secondo grado della citt\u00e0, [&hellip;]<\/p>\n","protected":false},"author":1,"featured_media":0,"parent":10,"menu_order":0,"comment_status":"open","ping_status":"open","template":"","meta":{"_monsterinsights_skip_tracking":false,"_monsterinsights_sitenote_active":false,"_monsterinsights_sitenote_note":"","_monsterinsights_sitenote_category":0,"ngg_post_thumbnail":0,"footnotes":""},"class_list":["post-54","page","type-page","status-publish","hentry"],"_links":{"self":[{"href":"https:\/\/www.pariopportunitagubbio.it\/index.php\/wp-json\/wp\/v2\/pages\/54","targetHints":{"allow":["GET"]}}],"collection":[{"href":"https:\/\/www.pariopportunitagubbio.it\/index.php\/wp-json\/wp\/v2\/pages"}],"about":[{"href":"https:\/\/www.pariopportunitagubbio.it\/index.php\/wp-json\/wp\/v2\/types\/page"}],"author":[{"embeddable":true,"href":"https:\/\/www.pariopportunitagubbio.it\/index.php\/wp-json\/wp\/v2\/users\/1"}],"replies":[{"embeddable":true,"href":"https:\/\/www.pariopportunitagubbio.it\/index.php\/wp-json\/wp\/v2\/comments?post=54"}],"version-history":[{"count":7,"href":"https:\/\/www.pariopportunitagubbio.it\/index.php\/wp-json\/wp\/v2\/pages\/54\/revisions"}],"predecessor-version":[{"id":826,"href":"https:\/\/www.pariopportunitagubbio.it\/index.php\/wp-json\/wp\/v2\/pages\/54\/revisions\/826"}],"up":[{"embeddable":true,"href":"https:\/\/www.pariopportunitagubbio.it\/index.php\/wp-json\/wp\/v2\/pages\/10"}],"wp:attachment":[{"href":"https:\/\/www.pariopportunitagubbio.it\/index.php\/wp-json\/wp\/v2\/media?parent=54"}],"curies":[{"name":"wp","href":"https:\/\/api.w.org\/{rel}","templated":true}]}}

Programma attività  2016

<p class="western" align="CENTER"><span style="font-family: Arial, serif;">La Commissione Pari Opportunità presenta per l’anno 2016 la seguente attività:</span></p>
<p class="western" align="CENTER"><span style="font-family: Arial, serif;"><strong>PROGETTI </strong></span></p>
<ol>
<li>
<p class="western" align="JUSTIFY"><span style="font-family: Arial, serif;"><em><strong>Stereotipi di genere</strong></em></span></p>
</li>
</ol>
<p class="western" align="JUSTIFY"><span style="font-family: Arial, serif;">La Commissione Pari Opportunità, in accordo con l&#8217;Assessorato alle Politiche Sociali e Pari Opportunità del Comune di Gubbio, si è fatta, nel corso del 2015, promotrice di un progetto rivolto agli Istituti di scuola secondaria di secondo grado della città, in collaborazione con la prof.ssa Maria Giuseppina Pacilli, docente di Psicologia Sociale e di Comunità dell&#8217;Università di Perugia. Il progetto denominato “Stereotipi di genere” è stato positivamete accolto dall&#8217;IIS Cassata-Gattapone ed ha visto la sua presentazione il 25 novembre 2015, in occasione della Giornata Internazione contro la violenza alle donne. L&#8217;obiettivo è contrastare gli stereotipi di genere attraverso un percorso di formazione.</span></p>
<p class="western" align="JUSTIFY"><span style="font-family: Arial, sans-serif;">Il lavoro sarà finalizzato, infatti, ad una sensibilizzazione sul tema degli stereotipi di genere prendendo spunto dal modo in cui sono veicolati dai media. Gli incontri verteranno su una riflessione condivisa relativa alla costruzione sociale del maschile e del femminile e al modo in cui gli stereotipi di genere possono incidere negativamente sulle relazioni fra uomini e donne. Con strategie interattive di lavoro che vedranno gli studenti protagonisti, saranno mostrati video di film e pubblicità su cui discutere. Si inviteranno anche gli studenti a realizzare un loro personale prodotto supervisionato dalle docenti nelle fasi di elaborazione. Questo lavoro sarà poi mostrato in una seduta plenaria agli altri colleghi studenti.</span></p>
<p class="western" align="JUSTIFY"><span style="font-family: Arial, serif;">Sarà realizzata al contempo una ricerca per verificare l’efficacia dell’intervento con un disegno pre-post in cui si misurerà il tipo di impatto dell’intervento sugli atteggiamenti degli studenti misurandoli all’inizio dell’incontro e alla fine. Sarà individuato anche un gruppo di controllo costituito dagli studenti che non hanno partecipato all’intervento.</span></p>
<p class="western" align="JUSTIFY"><span style="font-family: Arial, serif;">Il progetto sarà realizzato da aprile a giugno 2016 e sarà riproposto per l&#8217;anno didattico 2016-2017 in tutte le altre scuole di ogni ordine e grado.</span></p>
<ol start="2">
<li>
<p class="western" align="JUSTIFY"><span style="font-family: Arial, serif;"><strong>Azione di supporto al punto di ascolto contro la violenza alle donne e promozione dell’attività per favorirne l’utilizzo</strong></span></p>
</li>
</ol>
<p class="western" align="JUSTIFY"><span style="font-family: Arial, serif;">Il 22 novembre 2013 è stato inaugurato il Punto di ascolto presso la sede del Servizio Programmazione e Servizi Sociali del Comune di Gubbio, per svolgere attività di accoglienza, garantire la dimensione dell’ascolto, analizzare i bisogni e definire le strategie di accompagnamento ed uscita dalla violenza in collaborazione con il Telefono donna del Centro Regionale per le Pari Opportunità. Il Punto di ascolto si rivolge a tutte le donne vittime di violenza e maltrattamento residenti o domiciliate nella Zona sociale 7 (Gubbio, Gualdo Tadino, Scheggia e Pascelupo, Costacciaro, Sigillo, Fossato di Vico). La CPO ha collaborato nel 2014 per due giorni alla settimana (il martedì mattina e il giovedì pomeriggio) all’apertura del Punto di Ascolto mettendo a disposizione (a turno) le componenti che avevano acquisito, con apposito corso di formazione, le necessarie competenze a svolgere l’attività di accoglienza. </span></p>
<p align="JUSTIFY"><span style="font-family: Arial, serif;">Nell’anno 2014 si è concluso il progetto regionale “<strong>UNA</strong> &#8211; <strong>U</strong>mbria <strong>N</strong>etwork <strong>A</strong>ntiviolenza” che intende consolidare e sistematizzare la rete regionale fra i vari attori pubblici e privati, già parzialmente attiva sul territorio regionale, per la creazione di nuovi servizi territoriali integrati per il contrasto della violenza di genere. Nel 2015 sono così stati aperti due Centri antiviolenza con sedi a Perugia a Terni per completare l’offerta dei servizi contro la violenza alle donne. Il Comune di Gubbio e la Azienda USL Umbria 1 hanno aderito al Progetto UNA e hanno aperto il Punto di ascolto in qualità di firmatari dell’ATS (Associazione Temporanea di Scopo) avendo già siglato il 25 novembre 2011 un accordo di programma contro la violenza ai minori e alle donne con gli altri Comuni della Zona Sociale 7 e il Centro Regionale per le Pari Opportunità. </span></p>
<p class="western" align="JUSTIFY"><span style="font-family: Arial, serif;">Per l&#8217;anno 2016 l’attività della CPO sarà prioritariamente finalizzata a collaborare con i soggetti firmatari dell’A.T.S. per:</span></p>
<ol>
<li>
<p class="western" align="JUSTIFY"><span style="font-family: Arial, serif;">pubblicizzare l’apertura del punto di ascolto insieme a tutti i soggetti coinvolti nelle rete antiviolenza dai MMG, ai Servizi territoriali e ospedalieri, alle Forze dell’Ordine ecc.;</span></p>
</li>
<li>
<p class="western" align="JUSTIFY"><span style="font-family: Arial, serif;">realizzare iniziative da concertare con gli Istituti scolastici, finalizzate ad educare alla costruzione di una cultura della non violenza e all‘analisi e al superamento degli stereotipi di genere.</span></p>
</li>
</ol>
<ol start="3">
<li>
<p class="western" align="JUSTIFY"><span style="font-family: Arial, serif;"><strong>Celebrazione dell’8 marzo</strong></span></p>
</li>
</ol>
<p class="western" align="JUSTIFY"><span style="font-family: Arial, serif;">In occasione dell’8 marzo, Giornata Internazionale della donna, la CPO intende organizzare, come negli anni precedenti, alcune iniziative rivolte sia alla cittadinanza che alle scuole.</span></p>
<p class="western" align="JUSTIFY"><span style="font-family: Arial, serif;">Nella prima metà del mese di marzo sarà organizzato un incontro informativo, in collaborazione con altre realtà, pubbliche, il Consultorio Territoriale ad esempio, e private del territorio, sul tema della prevenzione del carcinoma alla mammella.</span></p>
<p class="western" align="JUSTIFY"><span style="font-family: Arial, serif;">La Commissione, inoltre, prosegue nel proporre momenti di approfondimento culturali quali film, spettacoli, eventi musicali. In particolare quest&#8217;anno verrà proiettato il film “<em>Assolo</em>” di Laura Morante.</span></p>
<ol start="4">
<li>
<p class="western" align="JUSTIFY"><span style="font-family: Arial, serif;"><strong>Impegno per la lotta contro la violenza alle donne</strong></span></p>
</li>
</ol>
<p class="western" align="JUSTIFY"><span style="font-family: Arial, serif;">Per celebrare il 25 novembre, la Giornata Internazionale contro la violenza sulle donne secondo la risoluzione ONU del 17/12/1999 n. 54/134, la Commissione intende realizzare iniziative che coinvolgano soprattutto i giovani del nostro territorio, attraverso esperienze che li rendano sempre più consapevoli della necessità di impegnarsi per combattere ogni forma di violenza. In tale contesto si ritiene opportuno continuare anche per l’anno 2016 la collaborazione con le associazioni, le scuole, la USL1 Umbria e la città, realizzando proiezione di film, incontri e spettacoli teatrali.</span></p>
<ol start="5">
<li>
<p class="western" align="JUSTIFY"><span style="font-family: Arial, serif;"><strong>Collaborazione con i servizi dell’USL 1 Umbria</strong></span></p>
</li>
</ol>
<p class="western" align="JUSTIFY"><span style="font-family: Arial, serif;">La CPO intende infine proseguire anche nell’anno 2016 la collaborazione con la USL 1Umbria </span></p>
<p class="western" align="JUSTIFY"><span style="font-family: Arial, serif;">1 per continuare a monitorare il funzionamento della Senologia e degli altri servizi ospedalieri e territoriali rivolti alle donne;</span></p>
<p class="western" align="JUSTIFY"><span style="font-family: Arial, serif;">2 per promuovere i servizi territoriali di prevenzione e cura della salute della donna, in collaborazione, in particolare, con il Servizio Consultoriale.</span></p>
<p class="western" align="JUSTIFY"><span style="font-family: Arial, serif;">A tal proposito, la Cpo ha promosso degli incontri con la direttrice dott.ssa Annarita Comodi del Distretto Alto Chiascio-USL1, in cui ha chiesto un ruolo sempre più attivo per il Servizio Consultoriale Territoriale, perchè questo possa essere in misura crescente punto di riferimento per la donna, per la sua salute, attraverso l&#8217;implementazione delle sue competenze, a favore di un luogo ove possa avvenire un vero e proprio counseling non sono cinecologico. L&#8217;incidenza del cancro alla mammella è troppo alta perchè non si sfruttino le potenzialità del Consultorio, che potrà così divenire anche luogo di prima consulenza rispetto all&#8217;attenzione e alla cura della mammella.</span></p>
<ol start="6">
<li>
<p class="western" align="JUSTIFY"><span style="font-family: Arial, serif;"><strong>Proseguimento della collaborazione con la Biblioteca Sperelliana, il Teatro Comunale di Gubbio, l’Assessorato alla Cultura e Pari Opportunità comunale, altri Assessorati comunali, provinciali, regionali ed organismi istituzionali.</strong></span></p>
</li>
</ol>
<p class="western" align="JUSTIFY"><span style="font-family: Arial, serif;">Tale collaborazione, già proficua negli anni passati, avrà sempre come obiettivo principale l&#8217;attenzione ad iniziative che mettano in evidenza la presenza femminile nei luoghi decisionali attraverso la testimonianza di donne autorevoli che possano essere d’esempio di un impegno profuso per il bene comune e la crescita della società in genere, attraverso proprio la forza e la peculiarità della differenza di genere.</span></p>
<p class="western" style="text-align: right;" align="JUSTIFY">&nbsp;</p>
<p class="western" style="text-align: right;" align="JUSTIFY">LA COMMISSIONE PARI OPPORTUNITA’</p>
<p class="western" style="text-align: right;" align="JUSTIFY"><span style="font-family: Arial, serif;">La Presidente</span></p>
<p class="western" align="RIGHT"><span style="font-family: Arial, serif;"> Rita Pagnozzi</span></p>

<p>La Commissione Pari Opportunità presenta per l’anno 2016 la seguente attività: PROGETTI Stereotipi di genere La Commissione Pari Opportunità, in accordo con l&#8217;Assessorato alle Politiche Sociali e Pari Opportunità del Comune di Gubbio, si è fatta, nel corso del 2015, promotrice di un progetto rivolto agli Istituti di scuola secondaria di secondo grado della città, [&hellip;]</p>
